{"id":7,"date":"2025-07-30T22:51:30","date_gmt":"2025-07-30T20:51:30","guid":{"rendered":"https:\/\/escale-ecole.fr\/?page_id=7"},"modified":"2025-10-01T23:58:44","modified_gmt":"2025-10-01T21:58:44","slug":"accueil","status":"publish","type":"page","link":"https:\/\/escale-ecole.fr\/","title":{"rendered":"Accueil"},"content":{"rendered":"\n<div class=\"wp-block-cover alignfull\" style=\"min-height:720px;aspect-ratio:unset;\"><img loading=\"lazy\" decoding=\"async\" width=\"1024\" height=\"1024\" class=\"wp-block-cover__image-background wp-image-61 size-large\" alt=\"\" src=\"https:\/\/escale-ecole.fr\/wp-content\/uploads\/2025\/07\/IMG_3439-2-1-1024x1024.jpg\" style=\"object-position:62% 62%\" data-object-fit=\"cover\" data-object-position=\"62% 62%\" srcset=\"https:\/\/escale-ecole.fr\/wp-content\/uploads\/2025\/07\/IMG_3439-2-1-1024x1024.jpg 1024w, https:\/\/escale-ecole.fr\/wp-content\/uploads\/2025\/07\/IMG_3439-2-1-300x300.jpg 300w, https:\/\/escale-ecole.fr\/wp-content\/uploads\/2025\/07\/IMG_3439-2-1-150x150.jpg 150w, https:\/\/escale-ecole.fr\/wp-content\/uploads\/2025\/07\/IMG_3439-2-1-768x768.jpg 768w, https:\/\/escale-ecole.fr\/wp-content\/uploads\/2025\/07\/IMG_3439-2-1-1536x1536.jpg 1536w, https:\/\/escale-ecole.fr\/wp-content\/uploads\/2025\/07\/IMG_3439-2-1-2048x2048.jpg 2048w\" sizes=\"auto, (max-width: 1024px) 100vw, 1024px\" \/><span aria-hidden=\"true\" class=\"wp-block-cover__background has-background-dim wp-block-cover__gradient-background has-background-gradient has-luminous-dusk-gradient-background\"><\/span><div class=\"wp-block-cover__inner-container is-layout-flow wp-block-cover-is-layout-flow\">\n<div class=\"inherit-container-width wp-block-group alignwide is-layout-constrained wp-block-group-is-layout-constrained\">\n<div class=\"wp-block-media-text alignwide has-media-on-the-right is-stacked-on-mobile is-vertically-aligned-center\" style=\"border-radius:0px;grid-template-columns:auto 44%\"><div class=\"wp-block-media-text__content\">\n<h1 class=\"wp-block-heading has-text-align-left has-white-color has-text-color\" style=\"font-size:62px\">Bienvenue \u00e0 l&rsquo;Escale <\/h1>\n\n\n\n<p class=\"has-text-align-left\" style=\"font-size:26px\">\u00c9tablissement Scolaire o\u00f9 l&rsquo;on Choisit d&rsquo;Apprendre \u00e0 sa Lumi\u00e8re Ensemble<\/p>\n\n\n\n<div class=\"wp-block-buttons is-layout-flex wp-block-buttons-is-layout-flex\">\n<div class=\"wp-block-button is-style-fill\"><a class=\"wp-block-button__link wp-element-button\" href=\"https:\/\/escale-ecole.fr\/?page_id=2\">En savoir +<\/a><\/div>\n<\/div>\n<\/div><figure class=\"wp-block-media-text__media\"><\/figure><\/div>\n<\/div>\n<\/div><\/div>\n\n\n\n<div class=\"wp-block-group alignfull has-ast-global-color-5-background-color has-background is-layout-constrained wp-container-core-group-is-layout-9cedb757 wp-block-group-is-layout-constrained\" style=\"padding-bottom:0px\">\n<div class=\"wp-block-columns are-vertically-aligned-top is-layout-flex wp-container-core-columns-is-layout-00723822 wp-block-columns-is-layout-flex\">\n<div class=\"wp-block-column is-vertically-aligned-top is-layout-flow wp-container-core-column-is-layout-6b73ce23 wp-block-column-is-layout-flow\">\n<figure class=\"wp-block-gallery has-nested-images columns-default is-cropped wp-block-gallery-1 is-layout-flex wp-block-gallery-is-layout-flex\">\n<figure class=\"wp-block-image size-full has-custom-border is-style-default\" style=\"margin-top:0;margin-right:var(--wp--preset--spacing--80);margin-bottom:0;margin-left:var(--wp--preset--spacing--80)\"><img loading=\"lazy\" decoding=\"async\" width=\"246\" height=\"252\" data-id=\"68\" src=\"https:\/\/escale-ecole.fr\/wp-content\/uploads\/2025\/07\/Capture-decran-2025-07-31-a-00.29.51.png\" alt=\"\" class=\"has-border-color has-pale-pink-border-color wp-image-68\" style=\"border-width:2px;border-radius:100px\"\/><\/figure>\n<\/figure>\n\n\n\n<h3 class=\"wp-block-heading has-text-align-center\" style=\"margin-top:16px\">\u00c9ducation<\/h3>\n\n\n\n<p class=\"has-text-align-center has-medium-font-size\">Transmission des valeurs de la Bible pour apprendre \u00e0 vivre ensemble et s&rsquo;\u00e9panouir.<\/p>\n<\/div>\n\n\n\n<div class=\"wp-block-column is-vertically-aligned-top is-layout-flow wp-container-core-column-is-layout-6b73ce23 wp-block-column-is-layout-flow\">\n<figure class=\"wp-block-gallery has-nested-images columns-default is-cropped wp-block-gallery-2 is-layout-flex wp-block-gallery-is-layout-flex\">\n<figure class=\"wp-block-image size-full has-custom-border\" style=\"margin-top:0;margin-right:var(--wp--preset--spacing--80);margin-bottom:0;margin-left:var(--wp--preset--spacing--80)\"><img loading=\"lazy\" decoding=\"async\" width=\"246\" height=\"252\" data-id=\"70\" src=\"https:\/\/escale-ecole.fr\/wp-content\/uploads\/2025\/07\/Capture-decran-2025-07-31-a-00.30.01.png\" alt=\"\" class=\"has-border-color has-vivid-green-cyan-border-color wp-image-70\" style=\"border-width:2px;border-radius:100px\"\/><\/figure>\n<\/figure>\n\n\n\n<h3 class=\"wp-block-heading has-text-align-center\" style=\"margin-top:16px\">Autonomie<\/h3>\n\n\n\n<p class=\"has-text-align-center has-medium-font-size\">Tenir compte du rythme de chacun et pouvoir d\u00e9velopper l&rsquo;autonomie de l&rsquo;\u00e9l\u00e8ve.<\/p>\n<\/div>\n\n\n\n<div class=\"wp-block-column is-vertically-aligned-top is-layout-flow wp-container-core-column-is-layout-6b73ce23 wp-block-column-is-layout-flow\">\n<figure class=\"wp-block-image size-full is-resized has-custom-border\" style=\"margin-right:5.4rem;margin-left:5.4rem\"><img loading=\"lazy\" decoding=\"async\" width=\"246\" height=\"252\" src=\"https:\/\/escale-ecole.fr\/wp-content\/uploads\/2025\/07\/Capture-decran-2025-07-31-a-00.30.10.png\" alt=\"\" class=\"has-border-color has-ast-global-color-1-border-color wp-image-69\" style=\"border-width:2px;border-radius:100px;width:175px;height:auto\"\/><\/figure>\n\n\n\n<h3 class=\"wp-block-heading has-text-align-center\" style=\"margin-top:16px\">R\u00e9ussite<\/h3>\n\n\n\n<p class=\"has-text-align-center has-medium-font-size\">Identifier les talents et les capacit\u00e9s de chaque enfant afin de lui permettre d\u2019atteindre son plein potentiel.<\/p>\n<\/div>\n<\/div>\n<\/div>\n\n\n\n<div class=\"wp-block-group alignfull is-layout-constrained wp-container-core-group-is-layout-45b0ac4f wp-block-group-is-layout-constrained\" id=\"services\" style=\"padding-top:144px;padding-bottom:0px\">\n<h2 class=\"wp-block-heading\">Nos int\u00e9r\u00eats<\/h2>\n\n\n\n<div class=\"wp-block-columns is-layout-flex wp-container-core-columns-is-layout-60cbf9bb wp-block-columns-is-layout-flex\" style=\"margin-top:50px\">\n<div class=\"wp-block-column is-layout-flow wp-container-core-column-is-layout-6b73ce23 wp-block-column-is-layout-flow\">\n<figure class=\"wp-block-image size-full has-custom-border is-style-default\" style=\"margin-right:var(--wp--preset--spacing--30);margin-left:var(--wp--preset--spacing--30)\"><img loading=\"lazy\" decoding=\"async\" width=\"1920\" height=\"2560\" src=\"https:\/\/escale-ecole.fr\/wp-content\/uploads\/2025\/07\/IMG_3452-2-scaled.jpg\" alt=\"\" class=\"wp-image-27\" style=\"border-radius:69px\" srcset=\"https:\/\/escale-ecole.fr\/wp-content\/uploads\/2025\/07\/IMG_3452-2-scaled.jpg 1920w, https:\/\/escale-ecole.fr\/wp-content\/uploads\/2025\/07\/IMG_3452-2-225x300.jpg 225w, https:\/\/escale-ecole.fr\/wp-content\/uploads\/2025\/07\/IMG_3452-2-768x1024.jpg 768w, https:\/\/escale-ecole.fr\/wp-content\/uploads\/2025\/07\/IMG_3452-2-1152x1536.jpg 1152w, https:\/\/escale-ecole.fr\/wp-content\/uploads\/2025\/07\/IMG_3452-2-1536x2048.jpg 1536w\" sizes=\"auto, (max-width: 1920px) 100vw, 1920px\" \/><\/figure>\n\n\n\n<h3 class=\"wp-block-heading has-text-align-center\" style=\"margin-top:16px\">Coop\u00e9ration<\/h3>\n\n\n\n<p class=\"has-text-align-center\">Gr\u00e2ce aux classes multi-niveaux, les plus jeunes apprennent des plus \u00e2g\u00e9s et ces derniers renforcent leurs connaissances en aidant leurs camarades, favorisant ainsi un esprit de collaboration.<\/p>\n<\/div>\n\n\n\n<div class=\"wp-block-column is-layout-flow wp-container-core-column-is-layout-6b73ce23 wp-block-column-is-layout-flow\">\n<h3 class=\"wp-block-heading has-text-align-center\" style=\"margin-top:16px\">Confiance<\/h3>\n\n\n\n<p class=\"has-text-align-center\">Chaque enfant est unique et suit son propre chemin d&rsquo;apprentissage sans comparaison ni comp\u00e9tition, dans un environnement bienveillant qui respecte ses besoins et son rythme.<\/p>\n\n\n\n<figure class=\"wp-block-image size-large has-custom-border\" style=\"margin-right:var(--wp--preset--spacing--30);margin-left:var(--wp--preset--spacing--30)\"><img loading=\"lazy\" decoding=\"async\" width=\"1920\" height=\"2560\" src=\"https:\/\/escale-ecole.fr\/wp-content\/uploads\/2025\/07\/IMG_9054-edited-scaled.jpg\" alt=\"\" class=\"wp-image-32\" style=\"border-radius:70px\" srcset=\"https:\/\/escale-ecole.fr\/wp-content\/uploads\/2025\/07\/IMG_9054-edited-scaled.jpg 1920w, https:\/\/escale-ecole.fr\/wp-content\/uploads\/2025\/07\/IMG_9054-edited-225x300.jpg 225w, https:\/\/escale-ecole.fr\/wp-content\/uploads\/2025\/07\/IMG_9054-edited-768x1024.jpg 768w, https:\/\/escale-ecole.fr\/wp-content\/uploads\/2025\/07\/IMG_9054-edited-1152x1536.jpg 1152w, https:\/\/escale-ecole.fr\/wp-content\/uploads\/2025\/07\/IMG_9054-edited-1536x2048.jpg 1536w\" sizes=\"auto, (max-width: 1920px) 100vw, 1920px\" \/><\/figure>\n<\/div>\n\n\n\n<div class=\"wp-block-column is-layout-flow wp-container-core-column-is-layout-6b73ce23 wp-block-column-is-layout-flow\">\n<figure class=\"wp-block-gallery has-nested-images columns-default is-cropped wp-block-gallery-3 is-layout-flex wp-block-gallery-is-layout-flex\">\n<figure class=\"wp-block-image size-large has-custom-border\" style=\"margin-right:var(--wp--preset--spacing--30);margin-left:var(--wp--preset--spacing--30)\"><img loading=\"lazy\" decoding=\"async\" width=\"1866\" height=\"2488\" data-id=\"31\" src=\"https:\/\/escale-ecole.fr\/wp-content\/uploads\/2025\/07\/IMG_3437-4-edited.jpg\" alt=\"\" class=\"wp-image-31\" style=\"border-radius:70px\" srcset=\"https:\/\/escale-ecole.fr\/wp-content\/uploads\/2025\/07\/IMG_3437-4-edited.jpg 1866w, https:\/\/escale-ecole.fr\/wp-content\/uploads\/2025\/07\/IMG_3437-4-edited-225x300.jpg 225w, https:\/\/escale-ecole.fr\/wp-content\/uploads\/2025\/07\/IMG_3437-4-edited-768x1024.jpg 768w, https:\/\/escale-ecole.fr\/wp-content\/uploads\/2025\/07\/IMG_3437-4-edited-1152x1536.jpg 1152w, https:\/\/escale-ecole.fr\/wp-content\/uploads\/2025\/07\/IMG_3437-4-edited-1536x2048.jpg 1536w\" sizes=\"auto, (max-width: 1866px) 100vw, 1866px\" \/><\/figure>\n<\/figure>\n\n\n\n<h3 class=\"wp-block-heading has-text-align-center\" style=\"margin-top:16px\">Autonomie<\/h3>\n\n\n\n<p class=\"has-text-align-center\">Les \u00e9l\u00e8ves \u00e9voluent \u00e0 leur rythme en choisissant leurs activit\u00e9s selon leurs int\u00e9r\u00eats, ce qui favorise leur ind\u00e9pendance et leur responsabilit\u00e9 dans les apprentissages.<\/p>\n<\/div>\n<\/div>\n<\/div>\n\n\n\n<div class=\"wp-block-group alignfull has-ast-global-color-5-background-color has-background is-layout-constrained wp-container-core-group-is-layout-94d206d0 wp-block-group-is-layout-constrained\" id=\"about\" style=\"padding-top:143px;padding-bottom:144px\">\n<div class=\"wp-block-media-text has-media-on-the-right is-stacked-on-mobile is-vertically-aligned-center\" style=\"padding-top:0;padding-bottom:0;grid-template-columns:auto 47%\"><div class=\"wp-block-media-text__content\">\n<div class=\"inherit-container-width wp-block-group is-layout-constrained wp-container-core-group-is-layout-47ce07ec wp-block-group-is-layout-constrained\" style=\"padding-right:80px\">\n<h2 class=\"wp-block-heading\" style=\"padding-right:40px\">\u00c0 propos de Nous<\/h2>\n\n\n\n<p>Cet \u00e9tablissement est une \u00e9cole hors contrat qui offre un parcours scolaire unique, bas\u00e9 sur des valeurs chr\u00e9tiennes et une p\u00e9dagogie active. Nous privil\u00e9gions un apprentissage personnalis\u00e9, adapt\u00e9 au rythme de chaque enfant. Notre projet \u00e9ducatif vise \u00e0 d\u00e9velopper l&rsquo;autonomie, la cr\u00e9ativit\u00e9 et le sens des responsabilit\u00e9s de nos \u00e9l\u00e8ves.<\/p>\n\n\n\n<p>L&rsquo;Escale est une \u00e9cole \u00e0 taille humaine ou l&rsquo;enfant peut s&rsquo;\u00e9panouir. Un accompagnement est personnalis\u00e9 pour chaque \u00e9l\u00e8ve. Les enseignants sont \u00e0 l&rsquo;\u00e9coute et savent adapter leurs enseignements \u00e0 leurs besoins.<\/p>\n<\/div>\n<\/div><figure class=\"wp-block-media-text__media\"><img loading=\"lazy\" decoding=\"async\" width=\"2560\" height=\"1920\" src=\"https:\/\/escale-ecole.fr\/wp-content\/uploads\/2025\/07\/IMG_3433-2-2-scaled.jpg\" alt=\"\" class=\"wp-image-34 size-full\" srcset=\"https:\/\/escale-ecole.fr\/wp-content\/uploads\/2025\/07\/IMG_3433-2-2-scaled.jpg 2560w, https:\/\/escale-ecole.fr\/wp-content\/uploads\/2025\/07\/IMG_3433-2-2-300x225.jpg 300w, https:\/\/escale-ecole.fr\/wp-content\/uploads\/2025\/07\/IMG_3433-2-2-1024x768.jpg 1024w, https:\/\/escale-ecole.fr\/wp-content\/uploads\/2025\/07\/IMG_3433-2-2-768x576.jpg 768w, https:\/\/escale-ecole.fr\/wp-content\/uploads\/2025\/07\/IMG_3433-2-2-1536x1152.jpg 1536w, https:\/\/escale-ecole.fr\/wp-content\/uploads\/2025\/07\/IMG_3433-2-2-2048x1536.jpg 2048w\" sizes=\"auto, (max-width: 2560px) 100vw, 2560px\" \/><\/figure><\/div>\n<\/div>\n\n\n\n<div class=\"wp-block-group alignfull has-ast-global-color-4-background-color has-background is-layout-constrained wp-container-core-group-is-layout-6a2cfb7b wp-block-group-is-layout-constrained\" id=\"reviews\">\n<figure class=\"wp-block-image aligncenter size-full is-resized has-custom-border\"><img loading=\"lazy\" decoding=\"async\" width=\"246\" height=\"252\" src=\"https:\/\/escale-ecole.fr\/wp-content\/uploads\/2025\/07\/Capture-decran-2025-07-31-a-00.28.12.png\" alt=\"\" class=\"wp-image-64\" style=\"border-radius:100px;width:105px;height:auto\"\/><\/figure>\n\n\n\n<p class=\"has-text-align-center\" style=\"font-size:22px;line-height:1.6\">Cette \u00e9cole propose un parcours scolaire complet, allant de la petite section de maternelle \u00e0 la troisi\u00e8me. Nous accompagnons ainsi les \u00e9l\u00e8ves tout au long de leur scolarit\u00e9 obligatoire. <\/p>\n<\/div>\n\n\n\n<div class=\"wp-block-group alignfull is-layout-constrained wp-container-core-group-is-layout-3fee123f wp-block-group-is-layout-constrained\" id=\"whyus\" style=\"padding-top:144px;padding-bottom:144px\">\n<h2 class=\"wp-block-heading\">Nous contacter<\/h2>\n\n\n\n<div class=\"forminator-guttenberg\"><div class=\"forminator-ui forminator-custom-form forminator-custom-form-106 forminator-design--default  forminator_ajax\" data-forminator-render=\"0\" data-form=\"forminator-module-106\" data-uid=\"69fb21d4e559e\"><br\/><\/div><form\n\t\t\t\tid=\"forminator-module-106\"\n\t\t\t\tclass=\"forminator-ui forminator-custom-form forminator-custom-form-106 forminator-design--default  forminator_ajax\"\n\t\t\t\tmethod=\"post\"\n\t\t\t\tdata-forminator-render=\"0\"\n\t\t\t\tdata-form-id=\"106\"\n\t\t\t\t\n\t\t\t\tdata-design=\"default\"\n\t\t\t\t\n\t\t\t\t\n\t\t\t\t\n\t\t\t\tdata-grid=\"open\"\n\t\t\t\t\n\t\t\t\t\n\t\t\t\tstyle=\"display: none;\"\n\t\t\t\t\n\t\t\t\tdata-uid=\"69fb21d4e559e\"\n\t\t\t><div role=\"alert\" aria-live=\"polite\" class=\"forminator-response-message forminator-error\" aria-hidden=\"true\"><\/div><div class=\"forminator-row\"><div id=\"name-2\" class=\"forminator-field-name forminator-col forminator-col-6 \"><div class=\"forminator-field\"><label for=\"forminator-field-name-2_69fb21d4e559e\" id=\"forminator-field-name-2_69fb21d4e559e-label\" class=\"forminator-label\">Nom <span class=\"forminator-required\">*<\/span><\/label><input type=\"text\" name=\"name-2\" value=\"\" placeholder=\"\" id=\"forminator-field-name-2_69fb21d4e559e\" class=\"forminator-input forminator-name--field\" aria-required=\"true\" \/><\/div><\/div><div id=\"name-1\" class=\"forminator-field-name forminator-col forminator-col-6 \"><div class=\"forminator-field\"><label for=\"forminator-field-name-1_69fb21d4e559e\" id=\"forminator-field-name-1_69fb21d4e559e-label\" class=\"forminator-label\">Pr\u00e9nom <span class=\"forminator-required\">*<\/span><\/label><input type=\"text\" name=\"name-1\" value=\"\" placeholder=\"\" id=\"forminator-field-name-1_69fb21d4e559e\" class=\"forminator-input forminator-name--field\" aria-required=\"true\" \/><\/div><\/div><\/div><div class=\"forminator-row\"><div id=\"email-1\" class=\"forminator-field-email forminator-col forminator-col-12 \"><div class=\"forminator-field\"><label for=\"forminator-field-email-1_69fb21d4e559e\" id=\"forminator-field-email-1_69fb21d4e559e-label\" class=\"forminator-label\">Adresse de messagerie <span class=\"forminator-required\">*<\/span><\/label><input type=\"email\" name=\"email-1\" value=\"\" placeholder=\"\" id=\"forminator-field-email-1_69fb21d4e559e\" class=\"forminator-input forminator-email--field\" data-required=\"true\" aria-required=\"true\" \/><\/div><\/div><\/div><div class=\"forminator-row\"><div id=\"phone-1\" class=\"forminator-field-phone forminator-col forminator-col-12 \"><div class=\"forminator-field\"><label for=\"forminator-field-phone-1_69fb21d4e559e\" id=\"forminator-field-phone-1_69fb21d4e559e-label\" class=\"forminator-label\">Num\u00e9ro de t\u00e9l\u00e9phone<\/label><input type=\"text\" name=\"phone-1\" value=\"\" placeholder=\"\" id=\"forminator-field-phone-1_69fb21d4e559e\" class=\"forminator-input forminator-field--phone\" data-required=\"\" aria-required=\"false\" autocomplete=\"off\" \/><\/div><\/div><\/div><div class=\"forminator-row\"><div id=\"textarea-1\" class=\"forminator-field-textarea forminator-col forminator-col-12 \"><div class=\"forminator-field\"><label for=\"forminator-field-textarea-1_69fb21d4e559e\" id=\"forminator-field-textarea-1_69fb21d4e559e-label\" class=\"forminator-label\">Message <span class=\"forminator-required\">*<\/span><\/label><span id=\"forminator-field-textarea-1_69fb21d4e559e-description\" class=\"forminator-description\"><span data-limit=\"180\" data-type=\"characters\" data-editor=\"\">0 \/ 180<\/span><\/span><textarea name=\"textarea-1\" placeholder=\"\" id=\"forminator-field-textarea-1_69fb21d4e559e\" class=\"forminator-textarea\" rows=\"6\" style=\"min-height:140px;\" maxlength=\"180\" ><\/textarea><\/div><\/div><\/div><input type=\"hidden\" name=\"referer_url\" value=\"\" \/><div class=\"forminator-row forminator-row-last\"><div class=\"forminator-col\"><div class=\"forminator-field\"><button class=\"forminator-button forminator-button-submit\">Envoyer<\/button><\/div><\/div><\/div><input type=\"hidden\" id=\"forminator_nonce\" name=\"forminator_nonce\" value=\"9fffff3ef6\" \/><input type=\"hidden\" name=\"_wp_http_referer\" value=\"\/index.php?rest_route=%2Fwp%2Fv2%2Fpages%2F7\" \/><input type=\"hidden\" name=\"form_id\" value=\"106\"><input type=\"hidden\" name=\"page_id\" value=\"7\"><input type=\"hidden\" name=\"form_type\" value=\"default\"><input type=\"hidden\" name=\"current_url\" value=\"https:\/\/escale-ecole.fr\/\"><input type=\"hidden\" name=\"render_id\" value=\"0\"><input type=\"hidden\" name=\"action\" value=\"forminator_submit_form_custom-forms\"><\/form><\/div>\n\n\n\n<div class=\"wp-block-columns is-layout-flex wp-container-core-columns-is-layout-29aadeec wp-block-columns-is-layout-flex\" style=\"margin-top:60px\">\n<div class=\"wp-block-column is-layout-flow wp-container-core-column-is-layout-6b73ce23 wp-block-column-is-layout-flow\">\n<figure class=\"wp-block-image size-full is-resized has-custom-border\"><img loading=\"lazy\" decoding=\"async\" width=\"242\" height=\"240\" src=\"https:\/\/escale-ecole.fr\/wp-content\/uploads\/2025\/07\/Capture-decran-2025-07-31-a-00.41.13.png\" alt=\"\" class=\"wp-image-71\" style=\"border-radius:100px;width:78px;height:auto\" srcset=\"https:\/\/escale-ecole.fr\/wp-content\/uploads\/2025\/07\/Capture-decran-2025-07-31-a-00.41.13.png 242w, https:\/\/escale-ecole.fr\/wp-content\/uploads\/2025\/07\/Capture-decran-2025-07-31-a-00.41.13-150x150.png 150w\" sizes=\"auto, (max-width: 242px) 100vw, 242px\" \/><\/figure>\n\n\n\n<h3 class=\"wp-block-heading\" style=\"margin-top:16px\">Mail<\/h3>\n\n\n\n<p>Adresse mail : escale43.direction@gmail.com<\/p>\n<\/div>\n\n\n\n<div class=\"wp-block-column is-layout-flow wp-container-core-column-is-layout-6b73ce23 wp-block-column-is-layout-flow\">\n<figure class=\"wp-block-image size-full is-resized has-custom-border\"><img loading=\"lazy\" decoding=\"async\" width=\"242\" height=\"240\" src=\"https:\/\/escale-ecole.fr\/wp-content\/uploads\/2025\/07\/Capture-decran-2025-07-31-a-00.41.06.png\" alt=\"\" class=\"wp-image-72\" style=\"border-radius:100px;width:73px;height:auto\" srcset=\"https:\/\/escale-ecole.fr\/wp-content\/uploads\/2025\/07\/Capture-decran-2025-07-31-a-00.41.06.png 242w, https:\/\/escale-ecole.fr\/wp-content\/uploads\/2025\/07\/Capture-decran-2025-07-31-a-00.41.06-150x150.png 150w\" sizes=\"auto, (max-width: 242px) 100vw, 242px\" \/><\/figure>\n\n\n\n<h3 class=\"wp-block-heading\" style=\"margin-top:16px\">T\u00e9l\u00e9phone<\/h3>\n\n\n\n<p>Appel \/ SMS Num\u00e9ro de portable : +33 06 25 15 14 62<\/p>\n<\/div>\n\n\n\n<div class=\"wp-block-column is-layout-flow wp-container-core-column-is-layout-6b73ce23 wp-block-column-is-layout-flow\">\n<figure class=\"wp-block-image size-full is-resized has-custom-border\"><img loading=\"lazy\" decoding=\"async\" width=\"242\" height=\"240\" src=\"https:\/\/escale-ecole.fr\/wp-content\/uploads\/2025\/07\/Capture-decran-2025-07-31-a-00.40.55.png\" alt=\"\" class=\"wp-image-73\" style=\"border-radius:100px;width:74px;height:auto\" srcset=\"https:\/\/escale-ecole.fr\/wp-content\/uploads\/2025\/07\/Capture-decran-2025-07-31-a-00.40.55.png 242w, https:\/\/escale-ecole.fr\/wp-content\/uploads\/2025\/07\/Capture-decran-2025-07-31-a-00.40.55-150x150.png 150w\" sizes=\"auto, (max-width: 242px) 100vw, 242px\" \/><\/figure>\n\n\n\n<h3 class=\"wp-block-heading\" style=\"margin-top:16px\">Adresse<\/h3>\n\n\n\n<p>Escale \u00c9cole, 405 Chemin des Airelles, 43400 Le Chambon-sur-Lignon<\/p>\n<\/div>\n<\/div>\n<\/div>\n\n\n\n<div class=\"wp-block-group alignfull has-background is-layout-constrained wp-container-core-group-is-layout-cfcca693 wp-block-group-is-layout-constrained\" id=\"contact\" style=\"background:linear-gradient(35deg,rgb(6,0,151) 0%,rgb(130,4,255) 64%,rgb(193,15,255) 98%);padding-top:104px;padding-bottom:104px\">\n<h2 class=\"wp-block-heading has-text-align-center has-text-color\" style=\"color:#ffffff\">Je souhaite m&rsquo;inscrire !<\/h2>\n\n\n\n<div class=\"wp-block-buttons alignwide is-horizontal is-content-justification-center is-layout-flex wp-container-core-buttons-is-layout-bba8380a wp-block-buttons-is-layout-flex\" style=\"margin-top:50px\">\n<div class=\"wp-block-button\"><a class=\"wp-block-button__link wp-element-button\" href=\"https:\/\/escale-ecole.fr\/?page_id=85\">Inscription<\/a><\/div>\n<\/div>\n<\/div>\n\n\n\n<p><\/p>\n","protected":false},"excerpt":{"rendered":"<p>\u00c9ducation Transmission des valeurs de la Bible pour apprendre \u00e0 vivre ensemble et s&rsquo;\u00e9panouir. Autonomie Tenir compte du rythme de [&hellip;]<\/p>\n","protected":false},"author":1,"featured_media":0,"parent":0,"menu_order":0,"comment_status":"closed","ping_status":"closed","template":"","meta":{"site-sidebar-layout":"no-sidebar","site-content-layout":"plain-container","ast-site-content-layout":"","site-content-style":"default","site-sidebar-style":"default","ast-global-header-display":"","ast-banner-title-visibility":"","ast-main-header-display":"","ast-hfb-above-header-display":"","ast-hfb-below-header-display":"","ast-hfb-mobile-header-display":"","site-post-title":"disabled","ast-breadcrumbs-content":"","ast-featured-img":"","footer-sml-layout":"","theme-transparent-header-meta":"enabled","adv-header-id-meta":"","stick-header-meta":"","header-above-stick-meta":"","header-main-stick-meta":"","header-below-stick-meta":"","astra-migrate-meta-layouts":"default","ast-page-background-enabled":"default","ast-page-background-meta":{"desktop":{"background-color":"var(--ast-global-color-4)","background-image":"","background-repeat":"repeat","background-position":"center center","background-size":"auto","background-attachment":"scroll","background-type":"","background-media":"","overlay-type":"","overlay-color":"","overlay-opacity":"","overlay-gradient":""},"tablet":{"background-color":"","background-image":"","background-repeat":"repeat","background-position":"center center","background-size":"auto","background-attachment":"scroll","background-type":"","background-media":"","overlay-type":"","overlay-color":"","overlay-opacity":"","overlay-gradient":""},"mobile":{"background-color":"","background-image":"","background-repeat":"repeat","background-position":"center center","background-size":"auto","background-attachment":"scroll","background-type":"","background-media":"","overlay-type":"","overlay-color":"","overlay-opacity":"","overlay-gradient":""}},"ast-content-background-meta":{"desktop":{"background-color":"var(--ast-global-color-5)","background-image":"","background-repeat":"repeat","background-position":"center center","background-size":"auto","background-attachment":"scroll","background-type":"","background-media":"","overlay-type":"","overlay-color":"","overlay-opacity":"","overlay-gradient":""},"tablet":{"background-color":"var(--ast-global-color-5)","background-image":"","background-repeat":"repeat","background-position":"center center","background-size":"auto","background-attachment":"scroll","background-type":"","background-media":"","overlay-type":"","overlay-color":"","overlay-opacity":"","overlay-gradient":""},"mobile":{"background-color":"var(--ast-global-color-5)","background-image":"","background-repeat":"repeat","background-position":"center center","background-size":"auto","background-attachment":"scroll","background-type":"","background-media":"","overlay-type":"","overlay-color":"","overlay-opacity":"","overlay-gradient":""}},"footnotes":""},"class_list":["post-7","page","type-page","status-publish","hentry"],"_links":{"self":[{"href":"https:\/\/escale-ecole.fr\/index.php?rest_route=\/wp\/v2\/pages\/7","targetHints":{"allow":["GET"]}}],"collection":[{"href":"https:\/\/escale-ecole.fr\/index.php?rest_route=\/wp\/v2\/pages"}],"about":[{"href":"https:\/\/escale-ecole.fr\/index.php?rest_route=\/wp\/v2\/types\/page"}],"author":[{"embeddable":true,"href":"https:\/\/escale-ecole.fr\/index.php?rest_route=\/wp\/v2\/users\/1"}],"replies":[{"embeddable":true,"href":"https:\/\/escale-ecole.fr\/index.php?rest_route=%2Fwp%2Fv2%2Fcomments&post=7"}],"version-history":[{"count":23,"href":"https:\/\/escale-ecole.fr\/index.php?rest_route=\/wp\/v2\/pages\/7\/revisions"}],"predecessor-version":[{"id":135,"href":"https:\/\/escale-ecole.fr\/index.php?rest_route=\/wp\/v2\/pages\/7\/revisions\/135"}],"wp:attachment":[{"href":"https:\/\/escale-ecole.fr\/index.php?rest_route=%2Fwp%2Fv2%2Fmedia&parent=7"}],"curies":[{"name":"wp","href":"https:\/\/api.w.org\/{rel}","templated":true}]}}